{"id":41,"date":"2022-04-02T20:41:55","date_gmt":"2022-04-02T18:41:55","guid":{"rendered":"https:\/\/aps13.fr\/?page_id=41"},"modified":"2023-03-05T16:34:36","modified_gmt":"2023-03-05T15:34:36","slug":"personnalisation","status":"publish","type":"page","link":"https:\/\/aps13.fr\/?page_id=41","title":{"rendered":"Personnalisation"},"content":{"rendered":"\t\t<div data-elementor-type=\"wp-page\" data-elementor-id=\"41\" class=\"elementor elementor-41\">\n\t\t\t\t\t\t<section class=\"elementor-section elementor-top-section elementor-element elementor-element-b9747fd elementor-section-full_width elementor-section-height-default elementor-section-height-default\" data-id=\"b9747fd\" data-element_type=\"section\" data-e-type=\"section\">\n\t\t\t\t\t\t<div class=\"elementor-container elementor-column-gap-default\">\n\t\t\t\t\t<div class=\"elementor-column elementor-col-100 elementor-top-column elementor-element elementor-element-09cf7f5\" data-id=\"09cf7f5\" data-element_type=\"column\" data-e-type=\"column\">\n\t\t\t<div class=\"elementor-widget-wrap elementor-element-populated\">\n\t\t\t\t\t\t<div class=\"elementor-element elementor-element-e546c1e elementor-widget elementor-widget-text-editor\" data-id=\"e546c1e\" data-element_type=\"widget\" data-e-type=\"widget\" data-widget_type=\"text-editor.default\">\n\t\t\t\t<div class=\"elementor-widget-container\">\n\t\t\t\t\t\t\t\t\t<p>SUBLIMATION<\/p>\t\t\t\t\t\t\t\t<\/div>\n\t\t\t\t<\/div>\n\t\t\t\t<div class=\"elementor-element elementor-element-f0f782a elementor-widget elementor-widget-text-editor\" data-id=\"f0f782a\" data-element_type=\"widget\" data-e-type=\"widget\" data-widget_type=\"text-editor.default\">\n\t\t\t\t<div class=\"elementor-widget-container\">\n\t\t\t\t\t\t\t\t\t<p class=\"p2\">APS (du groupe Polisports) num\u00e9ro 1 fran\u00e7ais dans ce domaine. Tous les produits sont fabriqu\u00e9s dans nos usines.<\/p>\n<p class=\"p2\">La\u00a0<b>sublimation<\/b> textile est une technique d&rsquo;impression particuli\u00e8rement adapt\u00e9e pour les <b>textiles<\/b> sports permettant de reproduire tous types de visuel, sans limite de couleur sur des v\u00eatements blancs en polyester.<\/p>\n<p class=\"p2\">Vous voulez sublimer et personnaliser vos tenues quelque soit le sport (Foot, Hand, Basket, Rugby, Velo, Triathlon, Roller ..) aux couleurs de votre club, n\u2019h\u00e9sitez plus \u00e0 passer le cap.<\/p>\n<p class=\"p2\">La force de la sublimation : nombre de couleurs de logos et sponsors illimit\u00e9s<\/p>\n<p class=\"p2\">\u00a0Nos 5 graphistes vous guideront et vous permettront de r\u00e9aliser vos maquettes et de r\u00e9aliser vos plus belles tenues.<\/p>\t\t\t\t\t\t\t\t<\/div>\n\t\t\t\t<\/div>\n\t\t\t\t\t<\/div>\n\t\t<\/div>\n\t\t\t\t\t<\/div>\n\t\t<\/section>\n\t\t\t\t<section class=\"elementor-section elementor-top-section elementor-element elementor-element-58d43bf elementor-section-boxed elementor-section-height-default elementor-section-height-default\" data-id=\"58d43bf\" data-element_type=\"section\" data-e-type=\"section\">\n\t\t\t\t\t\t<div class=\"elementor-container elementor-column-gap-default\">\n\t\t\t\t\t<div class=\"elementor-column elementor-col-50 elementor-top-column elementor-element elementor-element-3ab7330\" data-id=\"3ab7330\" data-element_type=\"column\" data-e-type=\"column\">\n\t\t\t<div class=\"elementor-widget-wrap elementor-element-populated\">\n\t\t\t\t\t\t<div class=\"elementor-element elementor-element-96c0aae e-transform elementor-widget elementor-widget-image\" data-id=\"96c0aae\" data-element_type=\"widget\" data-e-type=\"widget\" data-settings=\"{&quot;_transform_translateX_effect&quot;:{&quot;unit&quot;:&quot;px&quot;,&quot;size&quot;:53,&quot;sizes&quot;:[]},&quot;_transform_translateX_effect_mobile&quot;:{&quot;unit&quot;:&quot;px&quot;,&quot;size&quot;:-4,&quot;sizes&quot;:[]},&quot;_transform_translateY_effect_mobile&quot;:{&quot;unit&quot;:&quot;px&quot;,&quot;size&quot;:0,&quot;sizes&quot;:[]},&quot;_transform_translateX_effect_tablet&quot;:{&quot;unit&quot;:&quot;px&quot;,&quot;size&quot;:&quot;&quot;,&quot;sizes&quot;:[]},&quot;_transform_translateY_effect&quot;:{&quot;unit&quot;:&quot;px&quot;,&quot;size&quot;:&quot;&quot;,&quot;sizes&quot;:[]},&quot;_transform_translateY_effect_tablet&quot;:{&quot;unit&quot;:&quot;px&quot;,&quot;size&quot;:&quot;&quot;,&quot;sizes&quot;:[]}}\" data-widget_type=\"image.default\">\n\t\t\t\t<div class=\"elementor-widget-container\">\n\t\t\t\t\t\t\t\t\t\t\t\t\t\t\t<img fetchpriority=\"high\" decoding=\"async\" width=\"683\" height=\"1024\" src=\"https:\/\/aps13.fr\/wp-content\/uploads\/2022\/04\/2022-03-12-MDM-PRESENTATION-10565652-1-2048-Q80-683x1024.jpg\" class=\"attachment-large size-large wp-image-311\" alt=\"\" srcset=\"https:\/\/aps13.fr\/wp-content\/uploads\/2022\/04\/2022-03-12-MDM-PRESENTATION-10565652-1-2048-Q80-683x1024.jpg 683w, https:\/\/aps13.fr\/wp-content\/uploads\/2022\/04\/2022-03-12-MDM-PRESENTATION-10565652-1-2048-Q80-200x300.jpg 200w, https:\/\/aps13.fr\/wp-content\/uploads\/2022\/04\/2022-03-12-MDM-PRESENTATION-10565652-1-2048-Q80-768x1152.jpg 768w, https:\/\/aps13.fr\/wp-content\/uploads\/2022\/04\/2022-03-12-MDM-PRESENTATION-10565652-1-2048-Q80-1024x1536.jpg 1024w, https:\/\/aps13.fr\/wp-content\/uploads\/2022\/04\/2022-03-12-MDM-PRESENTATION-10565652-1-2048-Q80.jpg 1365w\" sizes=\"(max-width: 683px) 100vw, 683px\" \/>\t\t\t\t\t\t\t\t\t\t\t\t\t\t\t<\/div>\n\t\t\t\t<\/div>\n\t\t\t\t\t<\/div>\n\t\t<\/div>\n\t\t\t\t<div class=\"elementor-column elementor-col-50 elementor-top-column elementor-element elementor-element-03a7eac\" data-id=\"03a7eac\" data-element_type=\"column\" data-e-type=\"column\">\n\t\t\t<div class=\"elementor-widget-wrap elementor-element-populated\">\n\t\t\t\t\t\t<div class=\"elementor-element elementor-element-2aca9d1 e-transform elementor-widget elementor-widget-image\" data-id=\"2aca9d1\" data-element_type=\"widget\" data-e-type=\"widget\" data-settings=\"{&quot;_transform_translateX_effect&quot;:{&quot;unit&quot;:&quot;px&quot;,&quot;size&quot;:-91,&quot;sizes&quot;:[]},&quot;_transform_translateX_effect_mobile&quot;:{&quot;unit&quot;:&quot;px&quot;,&quot;size&quot;:1,&quot;sizes&quot;:[]},&quot;_transform_translateY_effect&quot;:{&quot;unit&quot;:&quot;px&quot;,&quot;size&quot;:407,&quot;sizes&quot;:[]},&quot;_transform_translateY_effect_mobile&quot;:{&quot;unit&quot;:&quot;px&quot;,&quot;size&quot;:-14,&quot;sizes&quot;:[]},&quot;_transform_translateX_effect_tablet&quot;:{&quot;unit&quot;:&quot;px&quot;,&quot;size&quot;:&quot;&quot;,&quot;sizes&quot;:[]},&quot;_transform_translateY_effect_tablet&quot;:{&quot;unit&quot;:&quot;px&quot;,&quot;size&quot;:&quot;&quot;,&quot;sizes&quot;:[]}}\" data-widget_type=\"image.default\">\n\t\t\t\t<div class=\"elementor-widget-container\">\n\t\t\t\t\t\t\t\t\t\t\t\t\t\t\t<img decoding=\"async\" width=\"768\" height=\"512\" src=\"https:\/\/aps13.fr\/wp-content\/uploads\/2022\/04\/2022-03-12-MDM-PRESENTATION-10575716-2-2048-Q80-768x512.jpg\" class=\"attachment-medium_large size-medium_large wp-image-312\" alt=\"\" srcset=\"https:\/\/aps13.fr\/wp-content\/uploads\/2022\/04\/2022-03-12-MDM-PRESENTATION-10575716-2-2048-Q80-768x512.jpg 768w, https:\/\/aps13.fr\/wp-content\/uploads\/2022\/04\/2022-03-12-MDM-PRESENTATION-10575716-2-2048-Q80-300x200.jpg 300w, https:\/\/aps13.fr\/wp-content\/uploads\/2022\/04\/2022-03-12-MDM-PRESENTATION-10575716-2-2048-Q80-1024x683.jpg 1024w, https:\/\/aps13.fr\/wp-content\/uploads\/2022\/04\/2022-03-12-MDM-PRESENTATION-10575716-2-2048-Q80-1536x1024.jpg 1536w, https:\/\/aps13.fr\/wp-content\/uploads\/2022\/04\/2022-03-12-MDM-PRESENTATION-10575716-2-2048-Q80-930x620.jpg 930w, https:\/\/aps13.fr\/wp-content\/uploads\/2022\/04\/2022-03-12-MDM-PRESENTATION-10575716-2-2048-Q80.jpg 2048w\" sizes=\"(max-width: 768px) 100vw, 768px\" \/>\t\t\t\t\t\t\t\t\t\t\t\t\t\t\t<\/div>\n\t\t\t\t<\/div>\n\t\t\t\t\t<\/div>\n\t\t<\/div>\n\t\t\t\t\t<\/div>\n\t\t<\/section>\n\t\t\t\t<section class=\"elementor-section elementor-top-section elementor-element elementor-element-5bb2eb8 elementor-section-boxed elementor-section-height-default elementor-section-height-default\" data-id=\"5bb2eb8\" data-element_type=\"section\" data-e-type=\"section\">\n\t\t\t\t\t\t<div class=\"elementor-container elementor-column-gap-default\">\n\t\t\t\t\t<div class=\"elementor-column elementor-col-100 elementor-top-column elementor-element elementor-element-c585a11\" data-id=\"c585a11\" data-element_type=\"column\" data-e-type=\"column\">\n\t\t\t<div class=\"elementor-widget-wrap elementor-element-populated\">\n\t\t\t\t\t\t<div class=\"elementor-element elementor-element-47dc1a5 e-transform e-transform elementor-arrows-position-inside elementor-pagination-position-outside elementor-widget elementor-widget-image-carousel\" data-id=\"47dc1a5\" data-element_type=\"widget\" data-e-type=\"widget\" data-settings=\"{&quot;slides_to_show&quot;:&quot;1&quot;,&quot;_transform_translateY_effect_tablet&quot;:{&quot;unit&quot;:&quot;px&quot;,&quot;size&quot;:-66,&quot;sizes&quot;:[]},&quot;_transform_translateY_effect&quot;:{&quot;unit&quot;:&quot;px&quot;,&quot;size&quot;:-171,&quot;sizes&quot;:[]},&quot;_transform_scale_effect&quot;:{&quot;unit&quot;:&quot;px&quot;,&quot;size&quot;:0.59999999999999997779553950749686919152736663818359375,&quot;sizes&quot;:[]},&quot;navigation&quot;:&quot;both&quot;,&quot;autoplay&quot;:&quot;yes&quot;,&quot;pause_on_hover&quot;:&quot;yes&quot;,&quot;pause_on_interaction&quot;:&quot;yes&quot;,&quot;autoplay_speed&quot;:5000,&quot;infinite&quot;:&quot;yes&quot;,&quot;effect&quot;:&quot;slide&quot;,&quot;speed&quot;:500,&quot;_transform_translateX_effect&quot;:{&quot;unit&quot;:&quot;px&quot;,&quot;size&quot;:&quot;&quot;,&quot;sizes&quot;:[]},&quot;_transform_translateX_effect_tablet&quot;:{&quot;unit&quot;:&quot;px&quot;,&quot;size&quot;:&quot;&quot;,&quot;sizes&quot;:[]},&quot;_transform_translateX_effect_mobile&quot;:{&quot;unit&quot;:&quot;px&quot;,&quot;size&quot;:&quot;&quot;,&quot;sizes&quot;:[]},&quot;_transform_translateY_effect_mobile&quot;:{&quot;unit&quot;:&quot;px&quot;,&quot;size&quot;:&quot;&quot;,&quot;sizes&quot;:[]},&quot;_transform_scale_effect_tablet&quot;:{&quot;unit&quot;:&quot;px&quot;,&quot;size&quot;:&quot;&quot;,&quot;sizes&quot;:[]},&quot;_transform_scale_effect_mobile&quot;:{&quot;unit&quot;:&quot;px&quot;,&quot;size&quot;:&quot;&quot;,&quot;sizes&quot;:[]}}\" data-widget_type=\"image-carousel.default\">\n\t\t\t\t<div class=\"elementor-widget-container\">\n\t\t\t\t\t\t\t<div class=\"elementor-image-carousel-wrapper swiper\" role=\"region\" aria-roledescription=\"carousel\" aria-label=\"Carrousel d\u2019images\" dir=\"ltr\">\n\t\t\t<div class=\"elementor-image-carousel swiper-wrapper\" aria-live=\"off\">\n\t\t\t\t\t\t\t\t<div class=\"swiper-slide\" role=\"group\" aria-roledescription=\"slide\" aria-label=\"1 sur 4\"><figure class=\"swiper-slide-inner\"><img decoding=\"async\" class=\"swiper-slide-image\" src=\"https:\/\/aps13.fr\/wp-content\/uploads\/2022\/05\/2022-05-17-MAILLOT-APS-12515100-2-2400-Q80-768x1152.jpg\" alt=\"2022-05-17 MAILLOT APS 12515100-2 2400 Q80\" \/><\/figure><\/div><div class=\"swiper-slide\" role=\"group\" aria-roledescription=\"slide\" aria-label=\"2 sur 4\"><figure class=\"swiper-slide-inner\"><img decoding=\"async\" class=\"swiper-slide-image\" src=\"https:\/\/aps13.fr\/wp-content\/uploads\/2022\/05\/2022-05-17-MAILLOT-APS-12484825-1-2400-Q80-768x1152.jpg\" alt=\"2022-05-17 MAILLOT APS 12484825-1 2400 Q80\" \/><\/figure><\/div><div class=\"swiper-slide\" role=\"group\" aria-roledescription=\"slide\" aria-label=\"3 sur 4\"><figure class=\"swiper-slide-inner\"><img decoding=\"async\" class=\"swiper-slide-image\" src=\"https:\/\/aps13.fr\/wp-content\/uploads\/2022\/05\/2022-05-17-MAILLOT-APS-12575747-4-2400-Q80-768x1152.jpg\" alt=\"2022-05-17 MAILLOT APS 12575747-4 2400 Q80\" \/><\/figure><\/div><div class=\"swiper-slide\" role=\"group\" aria-roledescription=\"slide\" aria-label=\"4 sur 4\"><figure class=\"swiper-slide-inner\"><img decoding=\"async\" class=\"swiper-slide-image\" src=\"https:\/\/aps13.fr\/wp-content\/uploads\/2022\/05\/2022-05-17-MAILLOT-APS-12545447-3-2400-Q80-768x1152.jpg\" alt=\"2022-05-17 MAILLOT APS 12545447-3 2400 Q80\" \/><\/figure><\/div>\t\t\t<\/div>\n\t\t\t\t\t\t\t\t\t\t\t\t<div class=\"elementor-swiper-button elementor-swiper-button-prev\" role=\"button\" tabindex=\"0\">\n\t\t\t\t\t\t<i aria-hidden=\"true\" class=\"eicon-chevron-left\"><\/i>\t\t\t\t\t<\/div>\n\t\t\t\t\t<div class=\"elementor-swiper-button elementor-swiper-button-next\" role=\"button\" tabindex=\"0\">\n\t\t\t\t\t\t<i aria-hidden=\"true\" class=\"eicon-chevron-right\"><\/i>\t\t\t\t\t<\/div>\n\t\t\t\t\n\t\t\t\t\t\t\t\t\t<div class=\"swiper-pagination\"><\/div>\n\t\t\t\t\t\t\t\t\t<\/div>\n\t\t\t\t\t\t<\/div>\n\t\t\t\t<\/div>\n\t\t\t\t\t<\/div>\n\t\t<\/div>\n\t\t\t\t\t<\/div>\n\t\t<\/section>\n\t\t\t\t<\/div>\n\t\t","protected":false},"excerpt":{"rendered":"<p>SUBLIMATION APS (du groupe Polisports) num\u00e9ro 1 fran\u00e7ais dans ce domaine. Tous les produits sont fabriqu\u00e9s dans nos usines. La&nbsp;sublimation textile est une technique d&rsquo;impression particuli\u00e8rement adapt\u00e9e pour les textiles sports permettant de reproduire tous types de visuel, sans limite de couleur sur des v\u00eatements blancs en polyester. Vous voulez sublimer et personnaliser vos tenues&hellip;&nbsp;<a href=\"https:\/\/aps13.fr\/?page_id=41\" rel=\"bookmark\">Lire la suite &raquo;<span class=\"screen-reader-text\">Personnalisation<\/span><\/a><\/p>\n","protected":false},"author":1,"featured_media":0,"parent":0,"menu_order":0,"comment_status":"closed","ping_status":"closed","template":"","meta":{"neve_meta_sidebar":"","neve_meta_container":"","neve_meta_enable_content_width":"","neve_meta_content_width":0,"neve_meta_title_alignment":"","neve_meta_author_avatar":"","neve_post_elements_order":"","neve_meta_disable_header":"","neve_meta_disable_footer":"","neve_meta_disable_title":"","_themeisle_gutenberg_block_has_review":false,"footnotes":""},"class_list":["post-41","page","type-page","status-publish","hentry"],"yoast_head":"<!-- This site is optimized with the Yoast SEO plugin v27.5 - https:\/\/yoast.com\/product\/yoast-seo-wordpress\/ -->\n<title>Personnalisation - APS13<\/title>\n<meta name=\"robots\" content=\"index, follow, max-snippet:-1, max-image-preview:large, max-video-preview:-1\" \/>\n<link rel=\"canonical\" href=\"https:\/\/aps13.fr\/?page_id=41\" \/>\n<meta property=\"og:locale\" content=\"fr_FR\" \/>\n<meta property=\"og:type\" content=\"article\" \/>\n<meta property=\"og:title\" content=\"Personnalisation - APS13\" \/>\n<meta property=\"og:description\" content=\"SUBLIMATION APS (du groupe Polisports) num\u00e9ro 1 fran\u00e7ais dans ce domaine. Tous les produits sont fabriqu\u00e9s dans nos usines. La&nbsp;sublimation textile est une technique d&rsquo;impression particuli\u00e8rement adapt\u00e9e pour les textiles sports permettant de reproduire tous types de visuel, sans limite de couleur sur des v\u00eatements blancs en polyester. Vous voulez sublimer et personnaliser vos tenues&hellip;&nbsp;Lire la suite &raquo;Personnalisation\" \/>\n<meta property=\"og:url\" content=\"https:\/\/aps13.fr\/?page_id=41\" \/>\n<meta property=\"og:site_name\" content=\"APS13\" \/>\n<meta property=\"article:publisher\" content=\"https:\/\/www.facebook.com\/people\/Atelier-Plus-Sports\/100057795483989\/\" \/>\n<meta property=\"article:modified_time\" content=\"2023-03-05T15:34:36+00:00\" \/>\n<meta property=\"og:image\" content=\"https:\/\/aps13.fr\/wp-content\/uploads\/2022\/04\/2022-03-12-MDM-PRESENTATION-10565652-1-2048-Q80-683x1024.jpg\" \/>\n<meta name=\"twitter:card\" content=\"summary_large_image\" \/>\n<meta name=\"twitter:label1\" content=\"Dur\u00e9e de lecture estim\u00e9e\" \/>\n\t<meta name=\"twitter:data1\" content=\"2 minutes\" \/>\n<script type=\"application\/ld+json\" class=\"yoast-schema-graph\">{\"@context\":\"https:\\\/\\\/schema.org\",\"@graph\":[{\"@type\":\"WebPage\",\"@id\":\"https:\\\/\\\/aps13.fr\\\/?page_id=41\",\"url\":\"https:\\\/\\\/aps13.fr\\\/?page_id=41\",\"name\":\"Personnalisation - APS13\",\"isPartOf\":{\"@id\":\"https:\\\/\\\/aps13.fr\\\/#website\"},\"primaryImageOfPage\":{\"@id\":\"https:\\\/\\\/aps13.fr\\\/?page_id=41#primaryimage\"},\"image\":{\"@id\":\"https:\\\/\\\/aps13.fr\\\/?page_id=41#primaryimage\"},\"thumbnailUrl\":\"https:\\\/\\\/aps13.fr\\\/wp-content\\\/uploads\\\/2022\\\/04\\\/2022-03-12-MDM-PRESENTATION-10565652-1-2048-Q80-683x1024.jpg\",\"datePublished\":\"2022-04-02T18:41:55+00:00\",\"dateModified\":\"2023-03-05T15:34:36+00:00\",\"breadcrumb\":{\"@id\":\"https:\\\/\\\/aps13.fr\\\/?page_id=41#breadcrumb\"},\"inLanguage\":\"fr-FR\",\"potentialAction\":[{\"@type\":\"ReadAction\",\"target\":[\"https:\\\/\\\/aps13.fr\\\/?page_id=41\"]}]},{\"@type\":\"ImageObject\",\"inLanguage\":\"fr-FR\",\"@id\":\"https:\\\/\\\/aps13.fr\\\/?page_id=41#primaryimage\",\"url\":\"https:\\\/\\\/aps13.fr\\\/wp-content\\\/uploads\\\/2022\\\/04\\\/2022-03-12-MDM-PRESENTATION-10565652-1-2048-Q80.jpg\",\"contentUrl\":\"https:\\\/\\\/aps13.fr\\\/wp-content\\\/uploads\\\/2022\\\/04\\\/2022-03-12-MDM-PRESENTATION-10565652-1-2048-Q80.jpg\",\"width\":1365,\"height\":2048},{\"@type\":\"BreadcrumbList\",\"@id\":\"https:\\\/\\\/aps13.fr\\\/?page_id=41#breadcrumb\",\"itemListElement\":[{\"@type\":\"ListItem\",\"position\":1,\"name\":\"Accueil\",\"item\":\"https:\\\/\\\/aps13.fr\\\/\"},{\"@type\":\"ListItem\",\"position\":2,\"name\":\"Personnalisation\"}]},{\"@type\":\"WebSite\",\"@id\":\"https:\\\/\\\/aps13.fr\\\/#website\",\"url\":\"https:\\\/\\\/aps13.fr\\\/\",\"name\":\"APS13\",\"description\":\"Atelier Plus Sports\",\"publisher\":{\"@id\":\"https:\\\/\\\/aps13.fr\\\/#organization\"},\"potentialAction\":[{\"@type\":\"SearchAction\",\"target\":{\"@type\":\"EntryPoint\",\"urlTemplate\":\"https:\\\/\\\/aps13.fr\\\/?s={search_term_string}\"},\"query-input\":{\"@type\":\"PropertyValueSpecification\",\"valueRequired\":true,\"valueName\":\"search_term_string\"}}],\"inLanguage\":\"fr-FR\"},{\"@type\":\"Organization\",\"@id\":\"https:\\\/\\\/aps13.fr\\\/#organization\",\"name\":\"Atelier Plus Sports\",\"url\":\"https:\\\/\\\/aps13.fr\\\/\",\"logo\":{\"@type\":\"ImageObject\",\"inLanguage\":\"fr-FR\",\"@id\":\"https:\\\/\\\/aps13.fr\\\/#\\\/schema\\\/logo\\\/image\\\/\",\"url\":\"https:\\\/\\\/aps13.fr\\\/wp-content\\\/uploads\\\/2022\\\/04\\\/Logo-APS-2022-1.png\",\"contentUrl\":\"https:\\\/\\\/aps13.fr\\\/wp-content\\\/uploads\\\/2022\\\/04\\\/Logo-APS-2022-1.png\",\"width\":920,\"height\":794,\"caption\":\"Atelier Plus Sports\"},\"image\":{\"@id\":\"https:\\\/\\\/aps13.fr\\\/#\\\/schema\\\/logo\\\/image\\\/\"},\"sameAs\":[\"https:\\\/\\\/www.facebook.com\\\/people\\\/Atelier-Plus-Sports\\\/100057795483989\\\/\"]}]}<\/script>\n<!-- \/ Yoast SEO plugin. -->","yoast_head_json":{"title":"Personnalisation - APS13","robots":{"index":"index","follow":"follow","max-snippet":"max-snippet:-1","max-image-preview":"max-image-preview:large","max-video-preview":"max-video-preview:-1"},"canonical":"https:\/\/aps13.fr\/?page_id=41","og_locale":"fr_FR","og_type":"article","og_title":"Personnalisation - APS13","og_description":"SUBLIMATION APS (du groupe Polisports) num\u00e9ro 1 fran\u00e7ais dans ce domaine. Tous les produits sont fabriqu\u00e9s dans nos usines. La&nbsp;sublimation textile est une technique d&rsquo;impression particuli\u00e8rement adapt\u00e9e pour les textiles sports permettant de reproduire tous types de visuel, sans limite de couleur sur des v\u00eatements blancs en polyester. Vous voulez sublimer et personnaliser vos tenues&hellip;&nbsp;Lire la suite &raquo;Personnalisation","og_url":"https:\/\/aps13.fr\/?page_id=41","og_site_name":"APS13","article_publisher":"https:\/\/www.facebook.com\/people\/Atelier-Plus-Sports\/100057795483989\/","article_modified_time":"2023-03-05T15:34:36+00:00","og_image":[{"url":"https:\/\/aps13.fr\/wp-content\/uploads\/2022\/04\/2022-03-12-MDM-PRESENTATION-10565652-1-2048-Q80-683x1024.jpg","type":"","width":"","height":""}],"twitter_card":"summary_large_image","twitter_misc":{"Dur\u00e9e de lecture estim\u00e9e":"2 minutes"},"schema":{"@context":"https:\/\/schema.org","@graph":[{"@type":"WebPage","@id":"https:\/\/aps13.fr\/?page_id=41","url":"https:\/\/aps13.fr\/?page_id=41","name":"Personnalisation - APS13","isPartOf":{"@id":"https:\/\/aps13.fr\/#website"},"primaryImageOfPage":{"@id":"https:\/\/aps13.fr\/?page_id=41#primaryimage"},"image":{"@id":"https:\/\/aps13.fr\/?page_id=41#primaryimage"},"thumbnailUrl":"https:\/\/aps13.fr\/wp-content\/uploads\/2022\/04\/2022-03-12-MDM-PRESENTATION-10565652-1-2048-Q80-683x1024.jpg","datePublished":"2022-04-02T18:41:55+00:00","dateModified":"2023-03-05T15:34:36+00:00","breadcrumb":{"@id":"https:\/\/aps13.fr\/?page_id=41#breadcrumb"},"inLanguage":"fr-FR","potentialAction":[{"@type":"ReadAction","target":["https:\/\/aps13.fr\/?page_id=41"]}]},{"@type":"ImageObject","inLanguage":"fr-FR","@id":"https:\/\/aps13.fr\/?page_id=41#primaryimage","url":"https:\/\/aps13.fr\/wp-content\/uploads\/2022\/04\/2022-03-12-MDM-PRESENTATION-10565652-1-2048-Q80.jpg","contentUrl":"https:\/\/aps13.fr\/wp-content\/uploads\/2022\/04\/2022-03-12-MDM-PRESENTATION-10565652-1-2048-Q80.jpg","width":1365,"height":2048},{"@type":"BreadcrumbList","@id":"https:\/\/aps13.fr\/?page_id=41#breadcrumb","itemListElement":[{"@type":"ListItem","position":1,"name":"Accueil","item":"https:\/\/aps13.fr\/"},{"@type":"ListItem","position":2,"name":"Personnalisation"}]},{"@type":"WebSite","@id":"https:\/\/aps13.fr\/#website","url":"https:\/\/aps13.fr\/","name":"APS13","description":"Atelier Plus Sports","publisher":{"@id":"https:\/\/aps13.fr\/#organization"},"potentialAction":[{"@type":"SearchAction","target":{"@type":"EntryPoint","urlTemplate":"https:\/\/aps13.fr\/?s={search_term_string}"},"query-input":{"@type":"PropertyValueSpecification","valueRequired":true,"valueName":"search_term_string"}}],"inLanguage":"fr-FR"},{"@type":"Organization","@id":"https:\/\/aps13.fr\/#organization","name":"Atelier Plus Sports","url":"https:\/\/aps13.fr\/","logo":{"@type":"ImageObject","inLanguage":"fr-FR","@id":"https:\/\/aps13.fr\/#\/schema\/logo\/image\/","url":"https:\/\/aps13.fr\/wp-content\/uploads\/2022\/04\/Logo-APS-2022-1.png","contentUrl":"https:\/\/aps13.fr\/wp-content\/uploads\/2022\/04\/Logo-APS-2022-1.png","width":920,"height":794,"caption":"Atelier Plus Sports"},"image":{"@id":"https:\/\/aps13.fr\/#\/schema\/logo\/image\/"},"sameAs":["https:\/\/www.facebook.com\/people\/Atelier-Plus-Sports\/100057795483989\/"]}]}},"_links":{"self":[{"href":"https:\/\/aps13.fr\/index.php?rest_route=\/wp\/v2\/pages\/41","targetHints":{"allow":["GET"]}}],"collection":[{"href":"https:\/\/aps13.fr\/index.php?rest_route=\/wp\/v2\/pages"}],"about":[{"href":"https:\/\/aps13.fr\/index.php?rest_route=\/wp\/v2\/types\/page"}],"author":[{"embeddable":true,"href":"https:\/\/aps13.fr\/index.php?rest_route=\/wp\/v2\/users\/1"}],"replies":[{"embeddable":true,"href":"https:\/\/aps13.fr\/index.php?rest_route=%2Fwp%2Fv2%2Fcomments&post=41"}],"version-history":[{"count":44,"href":"https:\/\/aps13.fr\/index.php?rest_route=\/wp\/v2\/pages\/41\/revisions"}],"predecessor-version":[{"id":547,"href":"https:\/\/aps13.fr\/index.php?rest_route=\/wp\/v2\/pages\/41\/revisions\/547"}],"wp:attachment":[{"href":"https:\/\/aps13.fr\/index.php?rest_route=%2Fwp%2Fv2%2Fmedia&parent=41"}],"curies":[{"name":"wp","href":"https:\/\/api.w.org\/{rel}","templated":true}]}}